{"id":1016,"date":"2010-12-01T22:23:09","date_gmt":"2010-12-01T21:23:09","guid":{"rendered":"http:\/\/georg-dahlhoff.de\/blog\/"},"modified":"2010-12-01T22:23:09","modified_gmt":"2010-12-01T21:23:09","slug":"stadecken-elsheim","status":"publish","type":"page","link":"https:\/\/georg-dahlhoff.de\/wp\/?page_id=1016","title":{"rendered":"Stadecken-Elsheim"},"content":{"rendered":"<p style=\"text-align: center;\"><a href=\"https:\/\/georg-dahlhoff.de\/wp\/?page_id=11740\"><img data-recalc-dims=\"1\" loading=\"lazy\" decoding=\"async\" class=\"size-full wp-image-1809 aligncenter\" title=\"mainz-bingen-foto.de\" src=\"https:\/\/i0.wp.com\/georg-dahlhoff.de\/blog\/wp-content\/uploads\/2010\/11\/titelbanner.jpg?resize=623%2C80\" alt=\"\" width=\"623\" height=\"80\" \/><\/a><\/p>\n<p style=\"text-align: center;\"><strong>Gemeinde Stadecken-Elsheim<\/strong>, Verbandsgemeinde Nieder-Olm, ca. 4.800 Einwohner,<br \/>\n<a href=\"http:\/\/www.stadecken-elsheim.de\/\" target=\"_blank\">http:\/\/www.stadecken-elsheim.de\/<\/a><\/p>\n<figure id=\"attachment_1924\" aria-describedby=\"caption-attachment-1924\" style=\"width: 300px\" class=\"wp-caption aligncenter\"><a href=\"https:\/\/i0.wp.com\/georg-dahlhoff.de\/blog\/wp-content\/uploads\/2010\/12\/200501130195-sta.jpg\" target=\"_blank\"><img data-recalc-dims=\"1\" loading=\"lazy\" decoding=\"async\" class=\"size-medium wp-image-1924\" title=\"200501130195 - Stadecken\" src=\"https:\/\/i0.wp.com\/georg-dahlhoff.de\/blog\/wp-content\/uploads\/2010\/12\/200501130195-sta-300x225.jpg?resize=300%2C225\" alt=\"\" width=\"300\" height=\"225\" \/><\/a><figcaption id=\"caption-attachment-1924\" class=\"wp-caption-text\">Stadecken &#8211; Bild Nr. 200501130195<\/figcaption><\/figure>\n<figure id=\"attachment_22109\" aria-describedby=\"caption-attachment-22109\" style=\"width: 580px\" class=\"wp-caption aligncenter\"><a href=\"https:\/\/i0.wp.com\/georg-dahlhoff.de\/wp\/wp-content\/uploads\/2014\/06\/201406083055.jpg?ssl=1\"><img data-recalc-dims=\"1\" loading=\"lazy\" decoding=\"async\" class=\"size-large wp-image-22109\" src=\"https:\/\/i0.wp.com\/georg-dahlhoff.de\/wp\/wp-content\/uploads\/2014\/06\/201406083055.jpg?resize=580%2C386&#038;ssl=1\" alt=\"Ortsteil Stadecken -  Bild Nr. 201406083055\" width=\"580\" height=\"386\" \/><\/a><figcaption id=\"caption-attachment-22109\" class=\"wp-caption-text\">Ortsteil Stadecken &#8211; Bild Nr. 201406083055<\/figcaption><\/figure>\n<figure id=\"attachment_22112\" aria-describedby=\"caption-attachment-22112\" style=\"width: 580px\" class=\"wp-caption aligncenter\"><a href=\"https:\/\/i0.wp.com\/georg-dahlhoff.de\/wp\/wp-content\/uploads\/2014\/06\/201406080661.jpg?ssl=1\"><img data-recalc-dims=\"1\" loading=\"lazy\" decoding=\"async\" class=\"size-large wp-image-22112\" src=\"https:\/\/i0.wp.com\/georg-dahlhoff.de\/wp\/wp-content\/uploads\/2014\/06\/201406080661.jpg?resize=580%2C386&#038;ssl=1\" alt=\"Ausblick auf den Ortsteil Elsheim - Bild Nr. 201406080661\" width=\"580\" height=\"386\" \/><\/a><figcaption id=\"caption-attachment-22112\" class=\"wp-caption-text\">Ausblick auf den Ortsteil Elsheim &#8211; Bild Nr. 201406080661<\/figcaption><\/figure>\n<p style=\"text-align: center;\">Die Gemeinde Stadecken-Elsheim geht aus dem Zusammenschluss der Gemeinden Stadecken und Elsheim im Jahr 1969 hervor.\u00a0Hier im Bild ist der Gemeindeteil\u00a0<strong>Stadecken<\/strong> mit der\u00a0<strong>Evangelischen Kirche<\/strong> im alten Ortskern.<\/p>\n<figure id=\"attachment_1926\" aria-describedby=\"caption-attachment-1926\" style=\"width: 225px\" class=\"wp-caption aligncenter\"><a href=\"https:\/\/i0.wp.com\/georg-dahlhoff.de\/blog\/wp-content\/uploads\/2010\/12\/200501130200-sta.jpg\" target=\"_blank\"><img data-recalc-dims=\"1\" loading=\"lazy\" decoding=\"async\" class=\"size-medium wp-image-1926\" title=\"200501130200 - Stadecken: Evangelische Kirche\" src=\"https:\/\/i0.wp.com\/georg-dahlhoff.de\/blog\/wp-content\/uploads\/2010\/12\/200501130200-sta-225x300.jpg?resize=225%2C300\" alt=\"\" width=\"225\" height=\"300\" \/><\/a><figcaption id=\"caption-attachment-1926\" class=\"wp-caption-text\">Stadecken: Evangelische Kirche &#8211; Bild Nr. 200501130200<\/figcaption><\/figure>\n<p style=\"text-align: center;\">Die\u00a0<strong>Evangelische Kirche<\/strong> im Ortsteil Stadecken:\u00a0Das Schiff der Kirche wurde 1735 errichtet. der Ostturm der Kirche wurde um 1770 mit den Steinen der abgebrochenen gotischen Peterskirche von Hedensheim erbaut. Dabei wurden einige fig\u00fcrliche Reliefs mit eingemauert.<br \/>\n(Quelle: <a href=\"http:\/\/regionalgeschichte.net\" target=\"_blank\">regionalgeschichte.net<\/a>)<\/p>\n<figure id=\"attachment_1927\" aria-describedby=\"caption-attachment-1927\" style=\"width: 225px\" class=\"wp-caption aligncenter\"><a href=\"https:\/\/i0.wp.com\/georg-dahlhoff.de\/blog\/wp-content\/uploads\/2010\/12\/200501130209-sta.jpg\" target=\"_blank\"><img data-recalc-dims=\"1\" loading=\"lazy\" decoding=\"async\" class=\"size-medium wp-image-1927\" title=\"200501130209 - Stadecken: Ev. Kirche, Soldaten-Denkmal\" src=\"https:\/\/i0.wp.com\/georg-dahlhoff.de\/blog\/wp-content\/uploads\/2010\/12\/200501130209-sta-225x300.jpg?resize=225%2C300\" alt=\"\" width=\"225\" height=\"300\" \/><\/a><figcaption id=\"caption-attachment-1927\" class=\"wp-caption-text\">Stadecken: Ev. Kirche, Soldaten-Denkmal &#8211; Bild Nr. 200501130209<\/figcaption><\/figure>\n<p style=\"text-align: center;\">Die Evangelische Kirche in Stadecken mit einem\u00a0<strong>Soldaten-Denkmal<\/strong> zum Gedenken an die Toten der beiden Weltkriege.<\/p>\n<p style=\"text-align: center;\"><strong>Burg Stadeck:<\/strong><\/p>\n<figure id=\"attachment_22965\" aria-describedby=\"caption-attachment-22965\" style=\"width: 580px\" class=\"wp-caption aligncenter\"><a href=\"https:\/\/i0.wp.com\/georg-dahlhoff.de\/wp\/wp-content\/uploads\/2010\/12\/201502224127.jpg?ssl=1\"><img data-recalc-dims=\"1\" loading=\"lazy\" decoding=\"async\" class=\"wp-image-22965 size-large\" src=\"https:\/\/i0.wp.com\/georg-dahlhoff.de\/wp\/wp-content\/uploads\/2010\/12\/201502224127.jpg?resize=580%2C399&#038;ssl=1\" alt=\"Burg Stadeck - Bild Nr.  201502224127 \" width=\"580\" height=\"399\" \/><\/a><figcaption id=\"caption-attachment-22965\" class=\"wp-caption-text\">Burg Stadeck &#8211; Bild Nr. 201502224127<\/figcaption><\/figure>\n<p>Die um das Jahr 1300 durch die Grafen von Katzenelnbogen erbaute <strong>Burg Stadeck<\/strong> steht am Anfang der Geschichte von Stadecken. Die Einwohner des ehemaligen\u00a0Dorfes<strong> Hedenesheim<\/strong> zogen damals hierher, und gaben ihr altes Dorf auf um fortan \u00a0im den Schutz dieser neuen Burg zu leben. Hedenesheim ist danach vollkommen von der Landkarte verschwunden, weil die Bewohner vollst\u00e4ndig in den neu entstandenen Ort\u00a0<strong>Stadecken<\/strong> umsiedelten, der 1301 sogar Stadtrecht erhielt. Allerdings entwickelte sich hier kein st\u00e4dtisches Leben, so dass dieses\u00a0Recht\u00a0im Laufe der Geschichte seine\u00a0G\u00fcltigkeit verlor. \u00a0Von der urspr\u00fcnglichen Burg ist nur noch sehr wenig erhalten, weil sie sowohl im Drei\u00dfigj\u00e4hrigen Krieg 1632 als auch im pf\u00e4lzischen Erbfolgekrieg 1689 zerst\u00f6rt wurde. Die heutigen Bauten stammen aus der Zeit danach, und waren\u00a0Ende des 20. Jahrhunderts ungenutzt und befanden sich\u00a0in sehr schlechtem Zustand. Ein gro\u00dfer Teil der alten Bausubstanz wurde\u00a0nach der Jahrtausendwende schlie\u00dflich renoviert und zu einem schicken Versammlungssaal f\u00fcr 150 Personen ausgebaut.<\/p>\n<figure id=\"attachment_22111\" aria-describedby=\"caption-attachment-22111\" style=\"width: 580px\" class=\"wp-caption aligncenter\"><a href=\"https:\/\/i0.wp.com\/georg-dahlhoff.de\/wp\/wp-content\/uploads\/2014\/06\/201406080660.jpg?ssl=1\"><img data-recalc-dims=\"1\" loading=\"lazy\" decoding=\"async\" class=\"size-large wp-image-22111\" src=\"https:\/\/i0.wp.com\/georg-dahlhoff.de\/wp\/wp-content\/uploads\/2014\/06\/201406080660.jpg?resize=580%2C386&#038;ssl=1\" alt=\"Wingertsturm oberhalb Stadecken-Elsheim - Bild Nr. 201406080660\" width=\"580\" height=\"386\" \/><\/a><figcaption id=\"caption-attachment-22111\" class=\"wp-caption-text\">. Wingertsturm oberhalb Stadecken-Elsheim &#8211; Bild Nr. 201406080660<\/figcaption><\/figure>\n<figure id=\"attachment_2794\" aria-describedby=\"caption-attachment-2794\" style=\"width: 300px\" class=\"wp-caption aligncenter\"><a href=\"https:\/\/i0.wp.com\/georg-dahlhoff.de\/blog\/wp-content\/uploads\/2011\/04\/201104080066-1.jpg\"><img data-recalc-dims=\"1\" loading=\"lazy\" decoding=\"async\" class=\"size-medium wp-image-2794\" title=\"201104080066 - Stadecken-Elsheim: Der Elftausend-M\u00e4gde-Turm\" src=\"https:\/\/i0.wp.com\/georg-dahlhoff.de\/blog\/wp-content\/uploads\/2011\/04\/201104080066-1-300x225.jpg?resize=300%2C225\" alt=\"\" width=\"300\" height=\"225\" \/><\/a><figcaption id=\"caption-attachment-2794\" class=\"wp-caption-text\">Stadecken-Elsheim: Der Elftausend-M\u00e4gde-Turm &#8211; Bild Nr. 201104080066<\/figcaption><\/figure>\n<p style=\"text-align: center;\">Die Ruine des\u00a0<strong>Elftausend-M\u00e4gde-Turm<\/strong> (auch Elftausend-M\u00e4gde-M\u00fchle genannt) im <strong>Ortsteil Elsheim<\/strong> verdankt ihren Namen einer Legende um die heilige Ursula von K\u00f6ln.<\/p>\n<p style=\"text-align: center;\">Diese sp\u00e4tmittelalterliche Stra\u00dfensperre stand beim \u00dcbergang der alten Stra\u00dfe von Mainz nach Kreuznach \u00fcber die Selz (westlich des Ortes). Die heilige Ursula soll mit ihrem Gefolge von 11.000 Jungfrauen auf dem Weg nach Rom die Stra\u00dfe benutzt haben \u2013 daher der Name \u201cElftausend-M\u00e4gde-Turm\u201d. Es handelt sich bei dem Turm urspr\u00fcnglich um ein befestigtes Torhaus mit Br\u00fccke.\u00a0Der Verlauf der Selz wurde in den 1960er Jahren verlegt, so dass die Br\u00fccke heute nicht mehr die Selz \u00fcberquert.<\/p>\n<p style=\"text-align: center;\">An der weitgehend verfallenen Ruine haben in j\u00fcngster Zeit Renovierungsarbeiten stattgefunden und auch das Ambiente um die Ruine wurde aufgewertet.<\/p>\n<p style=\"text-align: center;\"><em>&#8230;<\/em><\/p>\n<p style=\"text-align: center;\"><em>F\u00fcr die Fotografien gilt das Urheberrecht! Jegliche Verwendung des Bildmaterials ohne Genehmigung des Fotografen ist untersagt. Informationen zum Erwerb von Ver\u00f6ffentlichungsrechten finden Sie <\/em><a title=\"Ver\u00f6ffentlichungsrechte\" href=\"https:\/\/georg-dahlhoff.de\/wp\/?page_id=11938\"><em>hier<\/em><\/a><em>.<\/em><\/p>\n","protected":false},"excerpt":{"rendered":"<p>Gemeinde Stadecken-Elsheim, Verbandsgemeinde Nieder-Olm, ca. 4.800 Einwohner, http:\/\/www.stadecken-elsheim.de\/ Die Gemeinde Stadecken-Elsheim geht aus dem Zusammenschluss der Gemeinden Stadecken und Elsheim im Jahr 1969 hervor.\u00a0Hier im Bild ist der Gemeindeteil\u00a0Stadecken mit [&hellip;]<\/p>\n","protected":false},"author":1,"featured_media":0,"parent":906,"menu_order":5,"comment_status":"open","ping_status":"open","template":"","meta":{"jetpack_post_was_ever_published":false,"footnotes":""},"class_list":["post-1016","page","type-page","status-publish","hentry"],"jetpack_shortlink":"https:\/\/wp.me\/P8MzOO-go","jetpack-related-posts":[],"jetpack_likes_enabled":true,"jetpack_sharing_enabled":true,"_links":{"self":[{"href":"https:\/\/georg-dahlhoff.de\/wp\/index.php?rest_route=\/wp\/v2\/pages\/1016","targetHints":{"allow":["GET"]}}],"collection":[{"href":"https:\/\/georg-dahlhoff.de\/wp\/index.php?rest_route=\/wp\/v2\/pages"}],"about":[{"href":"https:\/\/georg-dahlhoff.de\/wp\/index.php?rest_route=\/wp\/v2\/types\/page"}],"author":[{"embeddable":true,"href":"https:\/\/georg-dahlhoff.de\/wp\/index.php?rest_route=\/wp\/v2\/users\/1"}],"replies":[{"embeddable":true,"href":"https:\/\/georg-dahlhoff.de\/wp\/index.php?rest_route=%2Fwp%2Fv2%2Fcomments&post=1016"}],"version-history":[{"count":0,"href":"https:\/\/georg-dahlhoff.de\/wp\/index.php?rest_route=\/wp\/v2\/pages\/1016\/revisions"}],"up":[{"embeddable":true,"href":"https:\/\/georg-dahlhoff.de\/wp\/index.php?rest_route=\/wp\/v2\/pages\/906"}],"wp:attachment":[{"href":"https:\/\/georg-dahlhoff.de\/wp\/index.php?rest_route=%2Fwp%2Fv2%2Fmedia&parent=1016"}],"curies":[{"name":"wp","href":"https:\/\/api.w.org\/{rel}","templated":true}]}}

<p style="text-align: center;"><a href="https://georg-dahlhoff.de/wp/?page_id=11740"><img data-recalc-dims="1" loading="lazy" decoding="async" class="size-full wp-image-1809 aligncenter" title="mainz-bingen-foto.de" src="https://i0.wp.com/georg-dahlhoff.de/blog/wp-content/uploads/2010/11/titelbanner.jpg?resize=623%2C80" alt="" width="623" height="80" /></a></p>
<p style="text-align: center;"><strong>Gemeinde Stadecken-Elsheim</strong>, Verbandsgemeinde Nieder-Olm, ca. 4.800 Einwohner,<br />
<a href="http://www.stadecken-elsheim.de/" target="_blank">http://www.stadecken-elsheim.de/</a></p>
<figure id="attachment_1924" aria-describedby="caption-attachment-1924" style="width: 300px" class="wp-caption aligncenter"><a href="https://i0.wp.com/georg-dahlhoff.de/blog/wp-content/uploads/2010/12/200501130195-sta.jpg" target="_blank"><img data-recalc-dims="1" loading="lazy" decoding="async" class="size-medium wp-image-1924" title="200501130195 - Stadecken" src="https://i0.wp.com/georg-dahlhoff.de/blog/wp-content/uploads/2010/12/200501130195-sta-300x225.jpg?resize=300%2C225" alt="" width="300" height="225" /></a><figcaption id="caption-attachment-1924" class="wp-caption-text">Stadecken &#8211; Bild Nr. 200501130195</figcaption></figure>
<figure id="attachment_22109" aria-describedby="caption-attachment-22109" style="width: 580px" class="wp-caption aligncenter"><a href="https://i0.wp.com/georg-dahlhoff.de/wp/wp-content/uploads/2014/06/201406083055.jpg?ssl=1"><img data-recalc-dims="1" loading="lazy" decoding="async" class="size-large wp-image-22109" src="https://i0.wp.com/georg-dahlhoff.de/wp/wp-content/uploads/2014/06/201406083055.jpg?resize=580%2C386&#038;ssl=1" alt="Ortsteil Stadecken -  Bild Nr. 201406083055" width="580" height="386" /></a><figcaption id="caption-attachment-22109" class="wp-caption-text">Ortsteil Stadecken &#8211; Bild Nr. 201406083055</figcaption></figure>
<figure id="attachment_22112" aria-describedby="caption-attachment-22112" style="width: 580px" class="wp-caption aligncenter"><a href="https://i0.wp.com/georg-dahlhoff.de/wp/wp-content/uploads/2014/06/201406080661.jpg?ssl=1"><img data-recalc-dims="1" loading="lazy" decoding="async" class="size-large wp-image-22112" src="https://i0.wp.com/georg-dahlhoff.de/wp/wp-content/uploads/2014/06/201406080661.jpg?resize=580%2C386&#038;ssl=1" alt="Ausblick auf den Ortsteil Elsheim - Bild Nr. 201406080661" width="580" height="386" /></a><figcaption id="caption-attachment-22112" class="wp-caption-text">Ausblick auf den Ortsteil Elsheim &#8211; Bild Nr. 201406080661</figcaption></figure>
<p style="text-align: center;">Die Gemeinde Stadecken-Elsheim geht aus dem Zusammenschluss der Gemeinden Stadecken und Elsheim im Jahr 1969 hervor. Hier im Bild ist der Gemeindeteil <strong>Stadecken</strong> mit der <strong>Evangelischen Kirche</strong> im alten Ortskern.</p>
<figure id="attachment_1926" aria-describedby="caption-attachment-1926" style="width: 225px" class="wp-caption aligncenter"><a href="https://i0.wp.com/georg-dahlhoff.de/blog/wp-content/uploads/2010/12/200501130200-sta.jpg" target="_blank"><img data-recalc-dims="1" loading="lazy" decoding="async" class="size-medium wp-image-1926" title="200501130200 - Stadecken: Evangelische Kirche" src="https://i0.wp.com/georg-dahlhoff.de/blog/wp-content/uploads/2010/12/200501130200-sta-225x300.jpg?resize=225%2C300" alt="" width="225" height="300" /></a><figcaption id="caption-attachment-1926" class="wp-caption-text">Stadecken: Evangelische Kirche &#8211; Bild Nr. 200501130200</figcaption></figure>
<p style="text-align: center;">Die <strong>Evangelische Kirche</strong> im Ortsteil Stadecken: Das Schiff der Kirche wurde 1735 errichtet. der Ostturm der Kirche wurde um 1770 mit den Steinen der abgebrochenen gotischen Peterskirche von Hedensheim erbaut. Dabei wurden einige figürliche Reliefs mit eingemauert.<br />
(Quelle: <a href="http://regionalgeschichte.net" target="_blank">regionalgeschichte.net</a>)</p>
<figure id="attachment_1927" aria-describedby="caption-attachment-1927" style="width: 225px" class="wp-caption aligncenter"><a href="https://i0.wp.com/georg-dahlhoff.de/blog/wp-content/uploads/2010/12/200501130209-sta.jpg" target="_blank"><img data-recalc-dims="1" loading="lazy" decoding="async" class="size-medium wp-image-1927" title="200501130209 - Stadecken: Ev. Kirche, Soldaten-Denkmal" src="https://i0.wp.com/georg-dahlhoff.de/blog/wp-content/uploads/2010/12/200501130209-sta-225x300.jpg?resize=225%2C300" alt="" width="225" height="300" /></a><figcaption id="caption-attachment-1927" class="wp-caption-text">Stadecken: Ev. Kirche, Soldaten-Denkmal &#8211; Bild Nr. 200501130209</figcaption></figure>
<p style="text-align: center;">Die Evangelische Kirche in Stadecken mit einem <strong>Soldaten-Denkmal</strong> zum Gedenken an die Toten der beiden Weltkriege.</p>
<p style="text-align: center;"><strong>Burg Stadeck:</strong></p>
<figure id="attachment_22965" aria-describedby="caption-attachment-22965" style="width: 580px" class="wp-caption aligncenter"><a href="https://i0.wp.com/georg-dahlhoff.de/wp/wp-content/uploads/2010/12/201502224127.jpg?ssl=1"><img data-recalc-dims="1" loading="lazy" decoding="async" class="wp-image-22965 size-large" src="https://i0.wp.com/georg-dahlhoff.de/wp/wp-content/uploads/2010/12/201502224127.jpg?resize=580%2C399&#038;ssl=1" alt="Burg Stadeck - Bild Nr.  201502224127 " width="580" height="399" /></a><figcaption id="caption-attachment-22965" class="wp-caption-text">Burg Stadeck &#8211; Bild Nr. 201502224127</figcaption></figure>
<p>Die um das Jahr 1300 durch die Grafen von Katzenelnbogen erbaute <strong>Burg Stadeck</strong> steht am Anfang der Geschichte von Stadecken. Die Einwohner des ehemaligen Dorfes<strong> Hedenesheim</strong> zogen damals hierher, und gaben ihr altes Dorf auf um fortan  im den Schutz dieser neuen Burg zu leben. Hedenesheim ist danach vollkommen von der Landkarte verschwunden, weil die Bewohner vollständig in den neu entstandenen Ort <strong>Stadecken</strong> umsiedelten, der 1301 sogar Stadtrecht erhielt. Allerdings entwickelte sich hier kein städtisches Leben, so dass dieses Recht im Laufe der Geschichte seine Gültigkeit verlor.  Von der ursprünglichen Burg ist nur noch sehr wenig erhalten, weil sie sowohl im Dreißigjährigen Krieg 1632 als auch im pfälzischen Erbfolgekrieg 1689 zerstört wurde. Die heutigen Bauten stammen aus der Zeit danach, und waren Ende des 20. Jahrhunderts ungenutzt und befanden sich in sehr schlechtem Zustand. Ein großer Teil der alten Bausubstanz wurde nach der Jahrtausendwende schließlich renoviert und zu einem schicken Versammlungssaal für 150 Personen ausgebaut.</p>
<figure id="attachment_22111" aria-describedby="caption-attachment-22111" style="width: 580px" class="wp-caption aligncenter"><a href="https://i0.wp.com/georg-dahlhoff.de/wp/wp-content/uploads/2014/06/201406080660.jpg?ssl=1"><img data-recalc-dims="1" loading="lazy" decoding="async" class="size-large wp-image-22111" src="https://i0.wp.com/georg-dahlhoff.de/wp/wp-content/uploads/2014/06/201406080660.jpg?resize=580%2C386&#038;ssl=1" alt="Wingertsturm oberhalb Stadecken-Elsheim - Bild Nr. 201406080660" width="580" height="386" /></a><figcaption id="caption-attachment-22111" class="wp-caption-text">. Wingertsturm oberhalb Stadecken-Elsheim &#8211; Bild Nr. 201406080660</figcaption></figure>
<figure id="attachment_2794" aria-describedby="caption-attachment-2794" style="width: 300px" class="wp-caption aligncenter"><a href="https://i0.wp.com/georg-dahlhoff.de/blog/wp-content/uploads/2011/04/201104080066-1.jpg"><img data-recalc-dims="1" loading="lazy" decoding="async" class="size-medium wp-image-2794" title="201104080066 - Stadecken-Elsheim: Der Elftausend-Mägde-Turm" src="https://i0.wp.com/georg-dahlhoff.de/blog/wp-content/uploads/2011/04/201104080066-1-300x225.jpg?resize=300%2C225" alt="" width="300" height="225" /></a><figcaption id="caption-attachment-2794" class="wp-caption-text">Stadecken-Elsheim: Der Elftausend-Mägde-Turm &#8211; Bild Nr. 201104080066</figcaption></figure>
<p style="text-align: center;">Die Ruine des <strong>Elftausend-Mägde-Turm</strong> (auch Elftausend-Mägde-Mühle genannt) im <strong>Ortsteil Elsheim</strong> verdankt ihren Namen einer Legende um die heilige Ursula von Köln.</p>
<p style="text-align: center;">Diese spätmittelalterliche Straßensperre stand beim Übergang der alten Straße von Mainz nach Kreuznach über die Selz (westlich des Ortes). Die heilige Ursula soll mit ihrem Gefolge von 11.000 Jungfrauen auf dem Weg nach Rom die Straße benutzt haben – daher der Name “Elftausend-Mägde-Turm”. Es handelt sich bei dem Turm ursprünglich um ein befestigtes Torhaus mit Brücke. Der Verlauf der Selz wurde in den 1960er Jahren verlegt, so dass die Brücke heute nicht mehr die Selz überquert.</p>
<p style="text-align: center;">An der weitgehend verfallenen Ruine haben in jüngster Zeit Renovierungsarbeiten stattgefunden und auch das Ambiente um die Ruine wurde aufgewertet.</p>
<p style="text-align: center;"><em>&#8230;</em></p>
<p style="text-align: center;"><em>Für die Fotografien gilt das Urheberrecht! Jegliche Verwendung des Bildmaterials ohne Genehmigung des Fotografen ist untersagt. Informationen zum Erwerb von Veröffentlichungsrechten finden Sie </em><a title="Veröffentlichungsrechte" href="https://georg-dahlhoff.de/wp/?page_id=11938"><em>hier</em></a><em>.</em></p>
